9
What is the ten millions digit of 54025322?
5
What is the hundred millions digit of 1122292988?
1
What is the hundred thousands digit of 902683306?
6
What is the units digit of 220540381?
1
What is the tens digit of 29934783?
8
What is the hundred thousands digit of 681631?
6
What is the millions digit of 13171057?
3
What is the hundreds digit of 289081?
0
What is the units digit of 2237139270?
0
What is the units digit of 295232612?
2
What is the hundred thousands digit of 283104352?
1
What is the hundred thousands digit of 94882728?
8
What is the hundreds digit of 78427411?
4
What is the ten millions digit of 8138571939?
3
What is the ten thousands digit of 142996851?
9
What is the ten thousands digit of 672994506?
9
What is the units digit of 4922386612?
2
What is the ten thousands digit of 53165177?
6
What is the tens digit of 2815839628?
2
What is the hundred thousands digit of 520723665?
7
What is the ten millions digit of 4969051384?
6
What is the thousands digit of 86241097?
1
What is the hundred thousands digit of 16893557?
8
What is the units digit of 4252185728?
8
What is the ten millions digit of 15988740?
1
What is the thousands digit of 15838450?
8
What is the hundred millions digit of 1486260735?
4
What is the millions digit of 794176100?
4
What is the ten thousands digit of 29746853?
4
What is the hundred millions digit of 2775245958?
7
What is the thousands digit of 2832118811?
8
What is the millions digit of 1294792417?
4
What is the hundred millions digit of 387371843?
3
What is the hundred thousands digit of 31834944?
8
What is the tens digit of 86689654?
5
What is the ten millions digit of 329528005?
2
What is the ten millions digit of 140018864?
4
What is the hundred thousands digit of 3739108496?
1
What is the millions digit of 46442528?
6
What is the hundred thousands digit of 3116417695?
4
What is the tens digit of 174108567?
6
What is the thousands digit of 51158296?
8
What is the ten thousands digit of 6105287857?
8
What is the millions digit of 231639709?
1
What is the thousands digit of 5702862?
2
What is the units digit of 1003061037?
7
What is the tens digit of 171091902?
0
What is the ten millions digit of 15877889?
1
What is the hundreds digit of 41922955?
9
What is the hundreds digit of 60099259?
2
What is the hundred thousands digit of 20498481?
4
What is the units digit of 121433150?
0
What is the hundred thousands digit of 1087015649?
0
What is the thousands digit of 274378519?
8
What is the millions digit of 84178583?
4
What is the ten millions digit of 914785499?
1
What is the units digit of 34947474?
4
What is the hundred thousands digit of 694007877?
0
What is the millions digit of 24298479?
4
What is the billions digit of 1388240000?
1
What is the hundred thousands digit of 572037591?
0
What is the millions digit of 39075140?
9
What is the units digit of 3749354210?
0
What is the tens digit of 133076086?
8
What is the hundreds digit of 725712404?
4
What is the units digit of 28255210?
0
What is the ten thousands digit of 200265854?
6
What is the tens digit of 1689858216?
1
What is the thousands digit of 36365579?
5
What is the ten millions digit of 63719827?
6
What is the thousands digit of 53233648?
3
What is the ten millions digit of 3955099351?
5
What is the thousands digit of 180882482?
2
What is the ten thousands digit of 2710546?
1
What is the ten thousands digit of 2954023216?
2
What is the hundred thousands digit of 137941978?
9
What is the hundred thousands digit of 915984?
9
What is the thousands digit of 14601959?
1
What is the tens digit of 1406732029?
2
What is the tens digit of 1062940713?
1
What is the ten millions digit of 82856468?
8
What is the ten thousands digit of 245662947?
6
What is the millions digit of 6947004?
6
What is the hundreds digit of 78312171?
1
What is the ten thousands digit of 78409567?
0
What is the hundreds digit of 193601894?
8
What is the billions digit of 3075043723?
3
What is the hundred millions digit of 463509374?
4
What is the ten millions digit of 2491268972?
9
What is the units digit of 26384873?
3
What is the units digit of 343607880?
0
What is the hundred thousands digit of 1309356?
3
What is the millions digit of 3399544006?
9
What is the tens digit of 5728650186?
8
What is the tens digit of 198616841?
4
What is the ten millions digit of 6291477384?
9
What is the hundred millions digit of 3301732235?
3
What is the hundreds digit of 506999388?
3
What is the millions digit of 298213182?
8
What is the thousands digit of 76951745?
1
What is the millions digit of 796487200?
6
What is the millions digit of 89666872?
9
What is the hundreds digit of 2097976958?
9
What is the tens digit of 105219004?
0
What is the millions digit of 38612622?
8
What is the millions digit of 100604700?
0
What is the hundred thousands digit of 3084879882?
8
What is the ten thousands digit of 52812821?
1
What is the ten thousands digit of 1221109351?
0
What is the hundreds digit of 3288798835?
8
What is the hundred thousands digit of 51685661?
6
What is the hundred thousands digit of 1172873547?
8
What is the tens digit of 552878955?
5
What is the hundred thousands digit of 339587352?
5
What is the millions digit of 35707312?
5
What is the tens digit of 31827421?
2
What is the tens digit of 26130698?
9
What is the tens digit of 93757462?
6
What is the units digit of 1700561836?
6
What is the ten thousands digit of 2925231?
2
What is the hundreds digit of 725031832?
8
What is the thousands digit of 37656981?
6
What is the hundreds digit of 363176678?
6
What is the hundreds digit of 41744714?
7
What is the ten millions digit of 238053302?
3
What is the hundred millions digit of 221931974?
2
What is the millions digit of 254744697?
4
What is the thousands digit of 460042401?
2
What is the hundreds digit of 171442511?
5
What is the hundred thousands digit of 585745485?
7
What is the ten thousands digit of 5143497?
4
What is the thousands digit of 40181283?
1
What is the millions digit of 4190719171?
0
What is the billions digit of 2292852920?
2
What is the hundreds digit of 50932278?
2
What is the hundred millions digit of 222496903?
2
What is the ten millions digit of 21639093?
2
What is the millions digit of 49102167?
9
What is the hundreds digit of 81916691?
6
What is the hundreds digit of 703193210?
2
What is the ten millions digit of 91611943?
9
What is the units digit of 12158758?
8
What is the hundred millions digit of 887075326?
8
What is the hundred millions digit of 994066779?
9
What is the hundred thousands digit of 59888194?
8
What is the billions digit of 2731823173?
2
What is the billions digit of 2671605855?
2
What is the thousands digit of 694134714?
4
What is the ten millions digit of 44868764?
4
What is the ten thousands digit of 456550490?
5
What is the hundred thousands digit of 34774193?
7
What is the thousands digit of 605548389?
8
What is the millions digit of 30279338?
0
What is the units digit of 1123973089?
9
What is the hundred millions digit of 252377296?
2
What is the hundred thousands digit of 166866819?
8
What is the tens digit of 1542081006?
0
What is the hundred thousands digit of 93849487?
8
What is the hundred thousands digit of 148382495?
3
What is the hundreds digit of 25547119?
1
What is the tens digit of 586884076?
7
What is the ten millions digit of 156457927?
5
What is the hundreds digit of 1003437851?
8
What is the hundreds digit of 516872157?
1
What is the millions digit of 8139969016?
9
What is the millions digit of 501516373?
1
What is the millions digit of 65655302?
5
What is the ten millions digit of 482849430?
8
What is the tens digit of 653023563?
6
What is the tens digit of 1303261920?
2
What is the units digit of 611731379?
9
What is the units digit of 2443818?
8
What is the hundred millions digit of 4401207186?
4
What is the tens digit of 76253322?
2
What is the hundreds digit of 1912771144?
1
What is the hundred thousands digit of 33924077?
9
What is the ten millions digit of 12459998?
1
What is the millions digit of 8884463?
8
What is the tens digit of 2852559733?
3
What is the units digit of 163850813?
3
What is the hundreds digit of 341260586?
5
What is the ten thousands digit of 5352637989?
3
What is the tens digit of 2452